tors of k?
37
Suppose n - 502 = -2*x - 27, -n - 477 = -2*x. Let o = x - 167. List the prime factors of o.
71
Let m = -3507 + 5940. List the prime factors of m.
3, 811
Let j(s) = 5*s**2 - 92*s + 34. What are the prime factors of j(26)?
2, 7, 73
Suppose -325*n = -324*n - 1353. What are the prime factors of n?
3, 11, 41
Let b(l) = l**3 - 7*l**2 - 11*l - 3. Let i be b(9). Let v be (-4)/(-14) + (-282)/7. Let z = v + i. What are the prime factors of z?
2, 5
Suppose 3*a - 5*k = -4*k + 27, 5*a = 2*k + 45. Let c be (2 - (-402)/a)*3. What are the prime factors of (27/(-18))/((-6)/c)?
5, 7
Suppose -4*w = -5*t + 9, -w - 21 = -2*t - 3*t. Suppose -2*z + 91 = 3*r, -r + 177 = -0*z + w*z. List the prime factors of z.
2, 11
Let w = 106 + -50. Suppose u + c + w = 316, -c - 505 = -2*u. What are the prime factors of u?
3, 5, 17
Let t be 8/4*(-10)/(-4). Let r(d) = -d**3 + 9*d**2 - 5*d + 5. List the prime factors of r(t).
2, 5
Let p(z) = -2*z - 8. Let a be p(-6). Suppose a*w + 25 = 9*w. Suppose -w*m = -m - 168. List the prime factors of m.
2, 3, 7
Let n be (-333)/(-45) + 2/(-5). Suppose 0 = i + 3 + n. What are the prime factors of ((-54)/i)/((-4)/(-20))?
3
Let y = 54 + -24. Let a = -35 + y. What are the prime factors of 3/(-5) + (-13)/a?
2
What are the prime factors of 3/2*((-10713)/(-9) + -5)?
2, 7, 127
List the prime factors of -8*261/54*-9.
2, 3, 29
Let m(i) = 45*i**2 - 34*i + 356. List the prime factors of m(9).
5, 739
Let k(y) = 38*y - 44. Let v be k(5). Suppose 32 = -3*x + v. List the prime factors of x.
2, 19
Let b(l) be the third derivative of 7*l**4/12 + l**3/6 + l**2. Let j be b(1). Suppose j = -3*h, -h = -2*z - 2*h + 115. List the prime factors of z.
2, 3, 5
Let l(o) = -o**3 - 7*o**2 - o - 3. Let r be l(-7). Suppose -f + 66 = -r*f. Let u = -8 - f. List the prime factors of u.
2, 7
Suppose 8*v - 6*v = 32. Let n = v - -8. List the prime factors of n.
2, 3
Let j(y) = 2*y**2 + 9*y - 5. Let a be j(-5). Suppose a = -3*i, -5 + 1 = 2*n - 2*i. Let k(t) = -7*t**3 + 4*t**2 + 5*t + 4. What are the prime factors of k(n)?
2, 3, 11
List the prime factors of (-22)/44 + 697/2 + 2.
2, 5, 7
Let c(n) = -17*n**3 + 13*n + 15. List the prime factors of c(-4).
1051
Suppose -18 = -5*l - 13. List the prime factors of l - (4 + 1044)/(-4).
263
Let p(s) = s - 2. Let r be p(2). Let u = r + 5. What are the prime factors of 4/u*(14 - 4)?
2
Let k = -4 - -9. Suppose -121 + 11 = -k*l. Let g = l + -7. What are the prime factors of g?
3, 5
List the prime factors of (-12)/48*(-3238 - -2).
809
Suppose -5*y - 2*h - 20 - 179 = 0, -111 = 3*y - 3*h. Let b = 88 + y. List the prime factors of b.
7
Let y(q) = 34*q + 1 + 31*q - 48*q. What are the prime factors of y(2)?
5, 7
Let x(l) = -9*l + 9. Suppose 3*d + 3*i - 16 = -43, 3*d + 15 = i. What are the prime factors of x(d)?
3, 7
Suppose 24*n = 18572 + 9436. What are the prime factors of n?
3, 389
Suppose 885 = 2*i - g, 37*i - 2216 = 32*i - g. List the prime factors of i.
443
Suppose 4*p - 3*p - 120 = -2*u, 5*p = -3*u + 166. Suppose 5*l + 12 = u. Suppose -l = -2*n - 0*n. What are the prime factors of n?
5
Suppose 37 = g + 47. Let u(x) = -x**3 - 9*x**2 - 18*x + 2. What are the prime factors of u(g)?
2, 3, 47
What are the prime factors of (4 - -427)*((-2)/1 + 4)?
2, 431
Let g = 76 - 51. Let n = 30 - g. Suppose 4*m - 114 = -3*q + 33, m = n*q + 31. List the prime factors of m.
2, 3
Suppose 13*t + 13 = -78. Let d(p) be the third derivative of p**6/120 + 2*p**5/15 + p**4/4 + 2*p**3/3 + p**2. What are the prime factors of d(t)?
11
Let k(u) = -5*u - 2*u - 8*u + 3*u + 3*u**2 + 8. List the prime factors of k(-5).
11, 13
Suppose 5*v = 5*t - 0*v + 5, -4*v + 16 = -t. Suppose t*d = 4, 0 = 4*y - 0*y - 5*d - 999. List the prime factors of y.
251
Let j(h) = 3*h**2 + 2*h + 25. Let g(n) = 4*n - 7. Let c be g(0). What are the prime factors of j(c)?
2, 79
Suppose 9243 = 130*p - 121*p. List the prime factors of p.
13, 79
Let g(f) = 17*f**2 - 9*f + 47. List the prime factors of g(4).
283
Let v be (-24)/9*(3 + 9/(-2)). List the prime factors of v/(-16) - (-1556)/16.
97
Suppose 0 = -19*n + 23*n - 16. Suppose -7*c = -81 + n. What are the prime factors of c?
11
Let h(p) = 4*p**2 - p - 3. Let f be h(-2). Let r(y) = 4*y - 45. What are the prime factors of r(f)?
3, 5
Let o be 8 + (2/6)/(2/(-6)). Let b(r) = 5*r**2 - 24*r + 2. What are the prime factors of b(o)?
79
Let k = -31 + 35. Let h(z) = -z**3 - 3*z**2 - 3*z - 3. Let f be h(-4). Suppose 6*g - f = -5*s + g, 11 = k*s + g. What are the prime factors of s?
2
Let t be (86/(-8))/(3/(-12)). Let d = t - 39. What are the prime factors of d?
2
Let c = -1094 + 1598. Suppose 0 = 4*j - 13*j + c. What are the prime factors of j?
2, 7
Suppose -3*g + 4*z + 242 = 0, 2*g - 6*z = -z + 152. What are the prime factors of g?
2, 43
Let v(x) = x**2 + 4*x - 5. Let m be v(13). Let d = m - 153. What are the prime factors of d?
3, 7
What are the prime factors of (-6)/(-9) + (-5856)/(-18) + -2?
2, 3
Suppose 16 = 2*d + 4*q, -5*d + 3*q = 2*q - 40. Suppose -62 = -10*b + d*b. List the prime factors of b.
31
Let h(p) = -p**3 + 21*p**2 + 24*p + 54. Let b be h(22). Suppose -n = -b - 60. List the prime factors of n.
2, 79
List the prime factors of (1534 + -6)/4*1.
2, 191
Suppose 4*u + 0*u + r - 2287 = 0, -4*u + 2296 = 4*r. List the prime factors of u.
571
Suppose 2*s - 2*z - 78 - 98 = 0, 3*s = 5*z + 258. List the prime factors of 16/(-7) - -2 - (-5941)/s.
5, 13
Suppose -21*p + 60433 = -49523. What are the prime factors of p?
2, 7, 11, 17
Let a(k) = 12*k - 8. Let w(y) = -y - 1. Let l(u) = a(u) + 5*w(u). What are the prime factors of l(10)?
3, 19
Let r(h) = h**2 + 3*h + 2. Suppose 2 = -4*z - 10. Let f be r(z). What are the prime factors of (5/10)/(f/8)?
2
Suppose 5*y - k = 7395, -23*y + 26*y = 4*k + 4420. List the prime factors of y.
2, 5, 37
Let w(p) = 2*p**2 - 4*p - 5. Let f be w(4). Let x = 6 + f. List the prime factors of x.
17
Let s = 1075 + -615. What are the prime factors of s?
2, 5, 23
Let b(p) = 44*p**2 + 92*p + 17. What are the prime factors of b(-8)?
3, 233
Let t be (-6)/(-4 - -1 - -4). Let q be 4/t + 4/(-12). List the prime factors of (-63)/(-6) + q/(-2).
11
Let s = -474 + 242. What are the prime factors of (-2)/((20/s)/5)?
2, 29
Let k(c) = 4*c**3 - 2*c**2 - c + 3. Let z(o) = -o**2 - o + 1. Let w(h) = -2*k(h) + 2*z(h). List the prime factors of w(-2).
2, 17
Let j(y) = 12*y - 10. Let p be j(-8). Let k = p - -217. Suppose z = -3*a - 2*a + k, -68 = -3*a - 2*z. What are the prime factors of a?
2, 11
Let w be (-24)/(-84) - (-2006)/(-14). Let k = 209 + w. Let s = 95 - k. List the prime factors of s.
29
Let j(o) be the first derivative of -o**2/2 + o + 9. Let s be j(1). Suppose 4*h - 2*h = 3*a + 66, -h - 4*a + 33 = s. List the prime factors of h.
3, 11
Let f = 217 - -235. What are the prime factors of f?
2, 113
Suppose -2*j = 260 - 1106. List the prime factors of j.
3, 47
Suppose -t + 7*t - 600 = 0. List the prime factors of (8 - t)*(0 + (-2)/4).
2, 23
Let c(j) = j**3 - 10*j**2 + 9*j - 1. Let k be c(9). Suppose -4*s + s = 42. Let m = k - s. List the prime factors of m.
13
Suppose -44316 = -123*d + 23949. List the prime factors of d.
3, 5, 37
Suppose -t - 1 - 1 = 0. Let m(x) = -x + 1. Let n be m(t). Suppose 16 = n*c - 41. What are the prime factors of c?
19
Let x = 556 - -402. Suppose -4*p + x - 95 = 5*v, 0 = 4*v + 4. What are the prime factors of p?
7, 31
Suppose 0 = 3*y + 49 - 328. Suppose -f - w = f - 50, 3*w + y = 3*f. Suppose 5*q - 282 = -f. List the prime factors of q.
3, 17
Let m(d) = -48*d + 49. List the prime factors of m(-7).
5, 7, 11
Let v(n) = 2*n**2 - 9*n + 28. Let g be v(12). Let b = g - 84. List the prime factors of b.
2, 31
Let z = -166 + 109. Let c = z - -108. Suppose -c = -6*p + 3*p. List the prime factors of p.
17
Let x(s) = 2*s**2 - 19*s + 10. Let l = 94 - 80. What are the prime factors of x(l)?
2, 17
Suppose -14*w - 14 + 56 = 0. List the prime factors of 30/(4 - w/1).
2, 3, 5
Suppose 19 - 1 = -3*y. Let h(w) = -w**3 - 6*w**2 + 8*w + 17. Let i be h(-7). Let d = y + i. List the prime factors of d.
2
Let m be (16/(-4))/(2/(-51)). Let g = m + -48. List the prime factors of g.
2, 3
Let q be 195/21 + (1 - 45/35). Suppose -2*k + 1353 = q*k. What are the prime factors of k?
3, 41
Suppose -2*f - 6518 = -2*r, -4*r + 18*f + 13031 = 13*f. List the pr